t is the greatest common divisor of 986 and 138618?
34
What is the highest common factor of 36 and 486600?
12
What is the greatest common divisor of 133548 and 48?
12
What is the greatest common divisor of 692981 and 201?
67
What is the greatest common divisor of 24 and 45768?
24
Calculate the highest common divisor of 181659 and 855.
57
What is the greatest common divisor of 1 and 493?
1
Calculate the greatest common factor of 4789686 and 93.
93
What is the highest common divisor of 666 and 522?
18
Calculate the highest common factor of 8159814 and 36.
18
Calculate the highest common factor of 884 and 6086.
34
What is the highest common divisor of 25351 and 7?
1
What is the highest common factor of 21 and 4699800?
21
Calculate the greatest common divisor of 1032166 and 2845.
569
Calculate the greatest common factor of 710090 and 102.
34
What is the greatest common divisor of 5652 and 22137?
471
Calculate the greatest common factor of 19684 and 37814.
518
What is the greatest common factor of 23850 and 14400?
450
What is the highest common divisor of 26424 and 36?
36
What is the greatest common factor of 8962 and 16?
2
What is the greatest common divisor of 330 and 154?
22
What is the highest common factor of 4233486 and 354?
354
Calculate the highest common divisor of 469817 and 472.
59
What is the highest common factor of 23 and 127121?
23
What is the highest common factor of 106085 and 98?
49
Calculate the greatest common divisor of 207740 and 2209.
47
What is the highest common factor of 460 and 5958380?
460
Calculate the greatest common divisor of 13600 and 550.
50
Calculate the highest common divisor of 11798 and 15962.
694
What is the greatest common factor of 350408 and 24?
8
Calculate the greatest common factor of 2240499 and 1311.
1311
What is the highest common factor of 113458 and 376?
94
What is the greatest common divisor of 15442 and 56?
14
Calculate the greatest common factor of 816 and 31127.
17
Calculate the greatest common divisor of 2236 and 344.
172
What is the greatest common factor of 302 and 21442?
302
Calculate the greatest common factor of 2624 and 18532.
164
What is the highest common factor of 1467 and 752734?
163
Calculate the greatest common divisor of 26214 and 242094.
1542
What is the highest common factor of 39372 and 48?
12
What is the greatest common divisor of 126985 and 466?
233
What is the greatest common factor of 48104 and 371?
7
What is the highest common divisor of 5486 and 11816?
422
What is the greatest common divisor of 600 and 794700?
300
What is the greatest common factor of 29 and 2059?
29
Calculate the highest common divisor of 2180 and 195655.
545
What is the highest common divisor of 665 and 94715?
95
What is the greatest common factor of 103501 and 43?
43
What is the greatest common factor of 16 and 3866?
2
Calculate the highest common divisor of 38099 and 155.
31
Calculate the highest common divisor of 1168 and 584.
584
What is the greatest common divisor of 75757 and 26554?
781
Calculate the highest common divisor of 689 and 10884133.
689
What is the greatest common factor of 2996238 and 14?
14
What is the greatest common divisor of 68936 and 476?
28
What is the highest common factor of 296681 and 77?
77
Calculate the greatest common factor of 20992 and 6784.
128
Calculate the greatest common factor of 447 and 216646.
149
Calculate the greatest common divisor of 96 and 404864.
32
Calculate the highest common divisor of 1178872 and 808.
808
Calculate the greatest common factor of 1227 and 54806.
409
What is the highest common factor of 25742 and 4?
2
What is the highest common divisor of 2000 and 95750?
250
What is the highest common factor of 105 and 7161?
21
What is the highest common divisor of 38 and 8653702?
38
Calculate the greatest common factor of 4780 and 1340.
20
Calculate the greatest common divisor of 7751 and 38081.
337
Calculate the highest common divisor of 140349 and 33.
33
Calculate the greatest common factor of 410466 and 58.
58
Calculate the highest common factor of 20977 and 77.
11
Calculate the highest common divisor of 151409 and 4669.
667
What is the greatest common divisor of 840944 and 1872?
208
Calculate the highest common factor of 272941 and 115.
23
What is the highest common factor of 1258 and 330114?
74
Calculate the highest common divisor of 493787 and 1127.
161
Calculate the highest common factor of 3184734 and 573.
573
What is the highest common divisor of 2033 and 1406?
19
Calculate the highest common factor of 32175 and 96096.
429
Calculate the greatest common factor of 469 and 1161512.
67
Calculate the greatest common factor of 158 and 276026.
158
Calculate the greatest common divisor of 5799060 and 1080.
540
What is the highest common divisor of 62176 and 32?
32
Calculate the highest common divisor of 98164 and 12028.
388
What is the greatest common divisor of 2538 and 5562?
54
What is the highest common factor of 131093 and 3033?
337
Calculate the highest common divisor of 1268548 and 3296.
412
Calculate the greatest common factor of 209 and 6193.
11
Calculate the greatest common divisor of 2049851 and 581.
83
Calculate the greatest common factor of 598823 and 171.
19
Calculate the greatest common factor of 34230 and 987.
21
What is the highest common factor of 71 and 743?
1
What is the greatest common factor of 5494 and 246?
82
Calculate the highest common divisor of 37170 and 819.
63
What is the highest common divisor of 301936 and 226?
226
Calculate the highest common divisor of 21721 and 3857.
203
Calculate the highest common factor of 244 and 1290333.
61
Calculate the highest common factor of 180128 and 234.
26
What is the greatest common factor of 124 and 11883044?
124
What is the greatest common divisor of 28 and 44142?
14
Calculate the highest common factor of 408 and 204.
204
What is the highest common divisor of 1052 and 508?
4
What is the greatest common divisor of 1036 and 38036?
148
What is the highest common factor of 2812 and 6764?
76
What is the highest common factor of 1370166 and 70?
14
What is the highest common divisor of 955 and 509015?
955
What is the highest common factor of 1358532 and 599?
599
Calculate the highest common factor of 1083 and 387.
3
Calculate the highest common factor of 7629 and 27.
3
What is the highest common factor of 8742 and 1116?
186
Calculate the highest common divisor of 90 and 19310.
10
Calculate the highest common factor of 36540 and 6615.
315
What is the greatest common divisor of 8374 and 34602?
158
What is the greatest common factor of 18993 and 117?
39
What is the highest common divisor of 106220 and 40?
20
What is the highest common divisor of 25039 and 2058?
343
Calculate the highest common factor of 600830 and 10.
10
What is the highest common factor of 7942 and 93841?
209
Calculate the highest common factor of 1187518 and 53.
53
What is the highest common factor of 42 and 148498?
14
Calculate the highest common divisor of 64697 and 62.
31
What is the highest common divisor of 41151 and 46827?
1419
What is the greatest common divisor of 16078 and 94?
2
What is the greatest common factor of 132 and 807048?
132
What is the greatest common divisor of 352 and 417328?
16
What is the highest common factor of 69 and 1135671?
69
What is the greatest common factor of 211 and 97?
1
What is the highest common divisor of 14746350 and 370?
370
What is the highest common factor of 871 and 21359?
13
Calculate the greatest common factor of 1748424 and 1662.
1662
What is the greatest common factor of 5312931 and 897?
897
Calculate the greatest common factor of 342 and 264879.
171
Calculate the greatest common divisor of 385552 and 16.
16
What is the greatest common divisor of 2547 and 342?
9
What is the highest common factor of 187 and 8437?
11
What is the highest common divisor of 255 and 44285?
85
Calculate the greatest common divisor of 13 and 397501.
13
What is the greatest common divisor of 8228 and 8107?
121
Calculate the highest common divisor of 39361 and 581.
7
Calculate the highest common factor of 64862 and 21.
7
What is the highest common factor of 839580 and 1680?
420
Calculate the greatest common factor of 18875 and 604.
151
Calculate the greatest common factor of 40417 and 819.
13
Calculate the